 in base 10?
73214
What is -5131555 (base 10) in base 2?
-10011100100110100100011
What is -1001011010000001111110 (base 2) in base 11?
-1434754
What is -145723 (base 11) in base 16?
-37746
-1100111111110010111 (base 2) to base 12
-18655b
What is 122330044 (base 5) in base 9?
1087447
What is 124801 (base 10) in base 7?
1026565
What is 3203112220 (base 4) in base 6?
31543144
What is -b17787 (base 14) in base 9?
-12216357
314376 (base 8) to base 16
198fe
273360a (base 11) to base 7
55053254
60fe1e (base 16) to base 15
858625
What is -2202046 (base 9) in base 10?
-1182480
Convert 954677 (base 13) to base 12.
1206232
Convert 2894907 (base 10) to base 11.
16a7a94
What is -25122 (base 9) in base 14?
-620c
-20012102012002 (base 3) to base 15
-451562
What is -223342443 (base 5) in base 14?
-1bd2b5
Convert 1101110000001010111000 (base 2) to base 5.
1410331201
-222022131 (base 4) to base 12
-83b39
What is -7de7d (base 16) in base 7?
-4245345
Convert 21201200 (base 4) to base 16.
9860
30577225 (base 8) to base 7
106100403
What is 22a6b69 (base 13) in base 5?
10214300232
Convert -103040002 (base 5) to base 16.
-6b6c2
131646351 (base 7) to base 8
40226546
-341114012 (base 5) to base 15
-1eaa8c
2103152 (base 6) to base 9
164575
Convert 22321042 (base 5) to base 6.
4125532
What is 134c14c (base 13) in base 15?
801e04
Convert -120112122001 (base 3) to base 9.
-515561
Convert -b26516 (base 13) to base 16.
-3f67ff
-22100001102 (base 3) to base 5
-20222223
Convert -62440135 (base 7) to base 13.
-111c277
Convert -217303 (base 11) to base 4.
-1110210322
-1101010022001 (base 3) to base 4
-2302120303
-5202651 (base 7) to base 8
-2300433
What is 1141564 (base 8) in base 12?
1307b0
212033100 (base 5) to base 13
253558
211112202110 (base 3) to base 9
745673
Convert -2450461 (base 7) to base 9.
-528704
-53560a (base 11) to base 2
-11010001000111111001
What is 11000011001001010 (base 2) in base 8?
303112
Convert -2c354c (base 13) to base 4.
-10022303102
What is -2020210 (base 7) in base 6?
-5052021
What is -2154212 (base 6) in base 5?
-11433022
Convert -5743220 (base 8) to base 4.
-11330122100
Convert -101411100 (base 5) to base 12.
-182945
What is 124690 (base 10) in base 2?
11110011100010010
What is 3244221 (base 5) in base 3?
2212001222
3323979 (base 11) to base 8
26177136
32766 (base 10) to base 6
411410
1e3591 (base 15) to base 13
3ca567
What is 225206 (base 11) in base 10?
358287
Convert -223571 (base 10) to base 3.
-102100200102
-31805c (base 13) to base 15
-17dae8
Convert -113132212 (base 4) to base 15.
-1d761
What is -4422405 (base 6) in base 13?
-79715
308150a (base 12) to base 3
122011122221001
be35 (base 16) to base 13
19218
Convert -4365052 (base 9) to base 14.
-450d33
-2109c (base 16) to base 15
-2a169
Convert -10012212222 (base 3) to base 16.
-f76d
What is 222117 (base 8) in base 7?
431111
What is -3542513 (base 6) in base 4?
-231011031
-33020100222 (base 4) to base 13
-a8b256
Convert 230201030 (base 6) to base 13.
b475a5
Convert 14602113 (base 7) to base 8.
5246016
-5737a (base 11) to base 4
-110100130
Convert -10100110001000110010 (base 2) to base 13.
-1aa980
What is aa56c (base 13) in base 12?
12a657
Convert 2c998 (base 13) to base 11.
58a63
Convert 5112278 (base 9) to base 16.
29929a
100000010111010101001101 (base 2) to base 4
200113111031
-20628446 (base 9) to base 13
-20a01bc
322301012333 (base 4) to base 13
32650a9
Convert -3a1992 (base 11) to base 16.
-9a514
Convert -10011010011100111110001 (base 2) to base 13.
-108284a
Convert 1223a2 (base 13) to base 12.
18aa08
Convert -39c1c (base 15) to base 13.
-66270
Convert -1de67 (base 16) to base 7.
-1020026
What is -484857 (base 13) in base 12?
-6b1740
403230 (base 6) to base 11
21a18
Convert 91691 (base 14) to base 15.
6d996
What is 72c9b (base 14) in base 8?
1034631
Convert -3233310030 (base 4) to base 7.
-11230542
What is -10b2a (base 13) in base 10?
-30456
What is -61135 (base 12) in base 15?
-2766e
Convert 183501 (base 9) to base 3.
12210120001
What is -1532074 (base 8) in base 14?
-b6188
-13420031 (base 5) to base 6
-2550234
Convert 1010001001020 (base 3) to base 4.
2100112110
-3313011302 (base 4) to base 11
-631435
Convert -11127b3 (base 14) to base 3.
-120021011122211
What is -16207a (base 11) in base 5?
-31023041
Convert 1100010001111001000011 (base 2) to base 7.
36234605
Convert 8b264 (base 13) to base 4.
331302103
Convert -1c440 (base 15) to base 13.
-32bb6
-8c47 (base 15) to base 3
-1111211111
What is 265556062 (base 7) in base 10?
17157247
401604 (base 7) to base 12
33339
Convert -4304234043 (base 5) to base 6.
-522031415
45420432 (base 6) to base 2
101010010100110000100
What is 26562602 (base 7) in base 13?
67b335
What is 6223235 (base 8) in base 4?
12102122131
What is -1192b4 (base 14) in base 12?
-2500ba
What is 318571 (base 9) in base 11?
11a836
Convert 331322013 (base 4) to base 3.
110212211200
4b209 (base 13) to base 15
2b1a8
17ddb (base 14) to base 11
41398
What is 2859aa (base 11) in base 3?
211201022001
-6b4a98 (base 13) to base 16
-26f2d4
-1081755 (base 12) to base 7
-35546204
-6436215 (base 7) to base 14
-165245
-17041022 (base 8) to base 13
-a8363c
ba85a5 (base 12) to base 16
2d274d
3002342344 (base 5) to base 12
1b88001
b8a2d (base 15) to base 10
586168
4901a (base 15) to base 3
102211110221
405834 (base 12) to base 4
3311121220
131c66 (base 15) to base 13
26176b
What is 301242 (base 8) in base 7?
561365
-75787 (base 9) to base 4
-30100222
Convert 10b3e7c (base 15) to base 13.
262a268
3d80 (base 15) to base 3
200001210
20361104 (base 9) to base 8
45243741
What is 1100011101011000011 (base 2) in base 5?
101031014
Convert b7a5 (base 16) to base 12.
23259
What is 31320101302 (base 4) in base 11?
2065634
What is 1534d8d (base 15) in base 4?
322211000131
Convert 3556644 (base 8) to base 6.
32514220
Convert 930312 (base 12) to base 10.
2302142
Convert 23466575 (base 9) to base 7.
166146503
Convert -10101656 (base 7) to base 11.
-524971
Convert 5382469 (base 10) to base 4.
110202011011
Convert 36e939 (base 16) to base 6.
205044225
-2354666 (base 8) to base 4
-2131212312
Convert -65721c (base 14) to base 9.
-6420842
What is -20220212220 (base 3) in base 10?
-136239
-439902 (base 12) to base 13
-2b8041
What is -1260231 (base 7) in base 10?
-165789
Convert 110032122113 (base 4) to base 9.
10870762
-8b370 (base 12) to base 15
-39e0c
Convert 265062551 (base 7) to base 11.
9702343
963b0 (base 12) to base 4
300032310
Convert 1301203012 (base 4) to base 3.
212121222201
-201112010 (base 5) to base 13
-2206c2
1ab8377 (base 12) to base 9
11672811
What is 4016035 (base 7) in base 8?
1637711
What is 11a265 (base 11) in base 10?
189315
Convert 54135 (base 8) to base 3.
1011000211
Convert 356812 (base 9) to base 8.
643711
What is 745458 (base 10) in base 5?
142323313
Convert 11001101000000110100 (base 2) to base 7.
10065125
What is 3b27019 (base 12) in base 4?
230310111111
-13539 (base 14) to base 8
-135077
Convert -28241 (base 14) to base 9.
-161108
Convert 2bf54 (base 16) to base 2.
101011111101010100
-3140901 (base 12) to base 2
-100011011100010100010001
-1492cb (base 13) to base 14
-d2499
What is 424540 (base 6) in base 12?
18150
Convert 10455301 (base 6) to base 9.
535161
272e6 (base 15) to base 10
125541
2210222102011 (base 3) to base 13
4048cc
What is 241040310 (base 5) in base 14?
20d335
1684503 (base 9) to base 7
11001015
What is 22122077 (base 8) in base 16?
48a43f
Convert 225800 (base 9) to base 2.
100001000101011001
What is -1199785 (base 11) in base 16?
-1fb274
Convert -18c9a1 (base 16) to base 10.
-1624481
What is -226016 (base 7) in base 12?
-1b51b
What is 5363605 (base 8) in base 14?
295217
Convert -112200 (base 6) to base 11.
-7216
Convert -11020011112220 (base 3) to base 13.
-608ac0
What is 23b66 (base 16) in base 15?
2d51d
-120114323 (base 6) to base 4
-20211031023
What is 11002010110 (base 3) in base 11?
55355
Convert -3605160 (base 10) to base 5.
-1410331120
-1221020221011 (base 3) to base 10
-1028569
1b6a19 (base 15) to base 11
834928
What is 1223077 (base 10) in base 5?
303114302
23898 (base 12) to base 11
33008
What is -322212233 (base 4) in base 5?
-30140142
Convert -35427 (base 16) to base 6.
-4401543
What is 2618205 (base 9) in base 15?
1d395b
11231324 (base 5) to base 2